55131787 a prime number?
False
Is 11733394561 a composite number?
True
Is 37985555759 a prime number?
True
Is 354278629 prime?
False
Is 479856601 a composite number?
True
Is 31541030471 composite?
True
Is 3405520513 prime?
True
Is 4445148223 composite?
True
Is 935113961 prime?
False
Is 7591004497 composite?
False
Is 3377919761 prime?
False
Is 391446017 prime?
False
Is 459543127 composite?
False
Is 120214814233 prime?
False
Is 2902947467 a composite number?
True
Is 2285144429 composite?
False
Is 365828663 a composite number?
False
Is 6143699911 prime?
True
Is 29019230399 a composite number?
False
Is 6714296231 a prime number?
False
Is 61412947 prime?
True
Is 31266663037 a prime number?
True
Is 8014968389 a prime number?
True
Is 27114857383 prime?
False
Is 2061201827 composite?
False
Is 5161120697 a composite number?
True
Is 80971603 a prime number?
False
Is 33798043397 prime?
True
Is 544258061 a composite number?
False
Is 67446927409 prime?
True
Is 5668085971 composite?
False
Is 82447778841 composite?
True
Is 4407442319 prime?
False
Is 266756152279 a prime number?
True
Is 1790167817 a prime number?
True
Is 642412679 a prime number?
True
Is 224555171 composite?
False
Is 2646075281 a prime number?
True
Is 11157574937 composite?
False
Is 84571422227 composite?
False
Is 892101559 a composite number?
False
Is 503150561 prime?
True
Is 1701610481 a prime number?
True
Is 6135469837 composite?
True
Is 29245971 a prime number?
False
Is 94192052657 prime?
True
Is 28481066737 composite?
True
Is 23762453173 composite?
True
Is 10212469577 a composite number?
False
Is 50846267 composite?
False
Is 20288667133 prime?
False
Is 243961787 a prime number?
False
Is 15976577479 prime?
True
Is 1656929569 prime?
True
Is 6673103167 a prime number?
False
Is 6640032233 composite?
False
Is 6262902959 a prime number?
False
Is 1425438319 composite?
True
Is 2830395907 composite?
True
Is 3112038383 composite?
True
Is 12984839081 a composite number?
False
Is 803194351 a prime number?
True
Is 2765670469 prime?
True
Is 380950303 prime?
True
Is 1657435049 composite?
True
Is 4157662139 prime?
False
Is 36486156053 composite?
True
Is 1374039661 composite?
True
Is 871609747 a prime number?
False
Is 48843424727 a composite number?
True
Is 26464051 composite?
False
Is 20985422243 composite?
True
Is 874752721 prime?
False
Is 9206636423 prime?
False
Is 17663783197 a composite number?
False
Is 92047501729 prime?
False
Is 36415903 prime?
True
Is 29962643 a composite number?
False
Is 2492382751 a composite number?
False
Is 117193375742 a prime number?
False
Is 5670680377 a composite number?
False
Is 4608250406 a prime number?
False
Is 9075278449 composite?
False
Is 1822926923 composite?
False
Is 1934268299 composite?
True
Is 16121143601 prime?
False
Is 135189023323 prime?
True
Is 2910755933 composite?
True
Is 1094951701 a composite number?
False
Is 62470099313 a composite number?
True
Is 6942452293 prime?
False
Is 4755410771 composite?
False
Is 16311292313 a prime number?
True
Is 403921253 prime?
True
Is 80376381151 a prime number?
False
Is 522873221 prime?
False
Is 92821879 composite?
False
Is 29346406429 a prime number?
True
Is 2167848299 prime?
True
Is 12793299199 composite?
False
Is 27530867669 prime?
True
Is 559670381 a composite number?
True
Is 64251227 a composite number?
False
Is 2926753649 a prime number?
True
Is 4821583301 composite?
False
Is 299679187 prime?
False
Is 80680611409 a prime number?
True
Is 10435493261 composite?
False
Is 6790563041 prime?
True
Is 2042927351 a composite number?
True
Is 20161893079 a composite number?
True
Is 1240830049 prime?
True
Is 5923791337 a composite number?
True
Is 334024529 a prime number?
False
Is 511932607 composite?
False
Is 611664209 a prime number?
False
Is 10827941107 prime?
True
Is 32298994142 a composite number?
True
Is 4435593609 a composite number?
True
Is 8371571105 prime?
False
Is 61477916909 a prime number?
True
Is 892757939 a prime number?
True
Is 14904610737 a composite number?
True
Is 50130130073 prime?
True
Is 378767969 prime?
True
Is 710235787 prime?
False
Is 635147209 a prime number?
True
Is 25882196471 composite?
True
Is 4655006417 composite?
True
Is 213172339 prime?
True
Is 426706889 a composite number?
True
Is 151999279 a prime number?
True
Is 8144082889 a composite number?
True
Is 181206821 a composite number?
False
Is 43691257565 a prime number?
False
Is 19671555913 a prime number?
False
Is 836225077 a prime number?
True
Is 5950426159 a composite number?
False
Is 303388309 a composite number?
True
Is 53145522319 composite?
False
Is 4903814771 composite?
True
Is 4249627087 composite?
True
Is 15299995751 a composite number?
True
Is 74850359 a prime number?
True
Is 1272077497 a prime number?
False
Is 2317402573 a prime number?
True
Is 1619880611 a composite number?
False
Is 10434998843 a prime number?
False
Is 9261259261 composite?
False
Is 153757243 composite?
False
Is 17037910283 prime?
False
Is 3805116929 a composite number?
True
Is 4514296517 a prime number?
False
Is 30445490035 a composite number?
True
Is 1261105205 prime?
False
Is 17543470871 a prime number?
True
Is 44490646 prime?
False
Is 2993694533 a prime number?
True
Is 1688252987 composite?
True
Is 581669279 prime?
False
Is 3131319089 composite?
True
Is 805974506 prime?
False
Is 9861053203 composite?
False
Is 6055453 composite?
False
Is 33517429909 a prime number?
True
Is 77161649 a composite number?
True
Is 12292347909 a composite number?
True
Is 5715073381 composite?
False
Is 19849137487 prime?
True
Is 382665967 prime?
False
Is 1540080671 composite?
True
Is 71518963 a prime number?
True
Is 1277791 a prime number?
True
Is 21966702853 a prime number?
False
Is 56964105399 prime?
False
Is 6821102269 prime?
False
Is 760032473 composite?
False
Is 565715699 composite?
False
Is 79840568659 a prime number?
False
Is 25562489 composite?
True
Is 64508318353 composite?
False
Is 220422225661 composite?
True
Is 1795896721 prime?
True
Is 348613093 a composite number?
True
Is 75655564499 a composite number?
True
Is 89339436191 a prime number?
False
Is 125809719799 prime?
False
Is 5895346243 prime?
True
Is 167723790757 composite?
True
Is 23009699 prime?
True
Is 19526058661 a composite number?
False
Is 32529079 composite?
True
Is 1338168743 prime?
True
Is 523301339 a composite number?
True
Is 1919061497 a composite number?
False
Is 34877593273 a composite number?
False
Is 3469793989 a prime number?
True
Is 1528159553 a composite number?
True
Is 3042727057 prime?
False
Is 3311915933 composite?
False
Is 37243508587 composite?
False
Is 33297695047 a composite number?
False
Is 13329040667 a composite number?
False
Is 2305051187 a composite number?
False
Is 968765627 composite?
False
Is 569637731 a composite number?
True
Is 130358321 a composite number?
False
Is 7936837777 prime?
False
Is 58136674051 a prime number?
False
Is 2053589653 prime?
False
Is 458715859 a composite number?
True
Is 250415903 a composite number?
False
Is 571419301 composite?
False
Is 122513459 a composite number?
False
Is 1055979839 a composite number?
True
Is 1515392311 a composite number?
True
Is 2637833357 a prime number?
False
Is 547131181 composite?
False
Is 330186599 a prime number?
False
Is 3076266967 composite?
False
Is 323524429 a composite number?
False
Is 126936409 prime?
True
Is 545676973 prime?
False
Is 17040813497 a composite number?
False
Is 19444958917 prime?
True
Is 1947604433 a composite number?
False
Is 15150795217 a prime number?
True
Is 11329369663 composite?
True
Is 61775333981 prime?
False
Is 58273158131 a composite number?
True
Is 13102076609 a prime number?
False
Is 22525379911 a prime number?
False
Is 12438143 prime?
False
Is 5847831539 a prime number?
False
Is 13205184862 prime?
False
Is 54566711 a composite number?
False
Is 5078883727 composite?
True
Is 3252047917 prime?
False
Is 3852640109 a prime number?
True
Is 379692683 a prime number?
False
Is 19062415193 composite?
True
Is 90317586245 a composite number?
True
Is 212528629 a prime number?
False
Is 62093203439 prime?
True
Is 10488556609 a composite number?
False
Is 1257924331 a prime number?
True
Is 574279267 composite?
True
Is 621456221 composite?
False
Is 2630931263 a composite number?
True
Is 53471851457 a composite numbe